- (-150)/5 is divided by h.
7
Let i(h) = h**2 - 3*h. Let c be i(2). Let v = c - -25. Suppose -10*g + 6*g + 27 = -3*z, g + 3*z = 3. What is the remainder when v is divided by g?
5
Calculate the remainder when 45/(-18)*2*-13 is divided by 14.
9
Suppose 3*a - 4*a = -85. Suppose -2*d = 3*d - a. Let w = -1152 + 1200. What is the remainder when w is divided by d?
14
Let y be 610/6 - (-2)/6. What is the remainder when (-17)/(y/444)*(-1)/2 is divided by 15?
7
Suppose -2*w = -5*t - 26, -4*t = -2*w + 2 + 22. What is the remainder when w is divided by 8?
0
What is the remainder when 5*3/((-15)/(-64)) is divided by ((-6)/24)/(2/(-136))?
13
Suppose 0 = -4*r + 2*u + 39 - 27, 0 = 2*r + 3*u + 2. Let m = 0 - 7. What is the remainder when 13 is divided by (-8 - r)/(m - -5)?
3
Suppose -2*g - 210 = -4*a, -g + 102 = -4*a + 315. Calculate the remainder when 88 is divided by a.
34
Suppose -a + 72 = -5*o, 3*o - 9 = -a + 95. Let u = -65 + a. What is the remainder when u is divided by 18?
9
Let s(r) = 2*r**3 + 7*r**2 - r - 1. Suppose 3*v = 6*v + 12, 4*a - 5*v = 8. Suppose 5*l - 135 = -0*l. Calculate the remainder when l is divided by s(a).
5
Let r(y) = 4*y + 54. Suppose -3*v + 136 + 65 = 0. Calculate the remainder when v is divided by r(-10).
11
Let l(k) = -26*k - 27. Calculate the remainder when 53 is divided by l(-2).
3
Let u(g) = -15*g - 25. Let b(k) be the first derivative of 7*k**2/2 + 12*k + 5. Let y(z) = 13*b(z) + 6*u(z). Calculate the remainder when y(7) is divided by 8.
5
Suppose 127*q - 136*q = -1143. Suppose 4*o - 215 = -o - 4*y, -5*o - 3*y + 215 = 0. Calculate the remainder when q is divided by o.
41
Let u = -57 - -99. Suppose -u + 2 = -5*v. Suppose 0 = -o + 2*z + 72, v*z - 3*z + 340 = 5*o. What is the remainder when o is divided by 13?
12
Let c = 643 - 631. What is the remainder when 430/6 - 2/3 is divided by c?
11
Let w(h) = 5*h**2 - 9*h - 7. Let n(a) = -7*a**2 + 14*a + 11. Let q(i) = 5*n(i) + 8*w(i). What is the remainder when 10 is divided by q(-1)?
4
Let c(k) = 2*k**2 - 4*k + 4. Suppose -5*z + 22 = -3, -5*x - 5*z + 35 = 0. Suppose 10 = x*j - 4. What is the remainder when c(4) is divided by j?
6
Let x(g) = g**3 - 6*g**2 + 23*g - 2. Calculate the remainder when x(5) is divided by 23.
19
Let w = -2053 + 2389. What is the remainder when w is divided by 38?
32
Let s(i) = 9*i**2 + 6*i + 5. Let n(w) = 10*w + 48. Let p be n(-5). What is the remainder when s(p) is divided by 17?
12
Let u(r) = -r**3 + 11*r**2 - r - 10. Let h be u(8). Suppose -4*l + h = 2*l. Calculate the remainder when 56 is divided by l.
27
Suppose 0 = -3*u + 2*v - 24 - 28, -u + 5*v = 39. Let x = 18 + u. What is the remainder when 19 is divided by x?
3
Let f = 66 - -5. Let d = 107 - f. What is the remainder when 143 is divided by d?
35
Let z = -5 - -4. Let q be (-2 + 1)*(z - -1). Let s = q - -7. What is the remainder when 11 is divided by s?
4
What is the remainder when 31 is divided by 32/24*(-33)/(-4)?
9
Let p(r) = -r**3 + 6*r**2 - 4*r - 1. Let b be p(5). Suppose b*z - 11 - 53 = 0. Let f = z + 7. Calculate the remainder when f is divided by 13.
10
Suppose 11*g = 10*g + 45. Suppose 10*o + g = 225. Calculate the remainder when 141 is divided by o.
15
Let k = 27 + -22. Suppose 310 = k*r - m, -2*m = -0*m. What is the remainder when r is divided by 11?
7
Suppose 3*x + 10 = 5*x. Suppose -k = n - 1, 5*k - n - 6 = -x*n. Suppose -k*j + 24 = j. Calculate the remainder when 23 is divided by j.
7
Let y(x) = 16*x + 4. Suppose -102 = -17*d - 78 + 214. What is the remainder when y(4) is divided by d?
12
Let w be (-4)/(-20) + 122/(-10). What is the remainder when (w/30)/((-2)/60) is divided by 5?
2
Suppose 0 = 4*k - 4*g - 624, 319 = 2*k - 65*g + 70*g. Calculate the remainder when k is divided by 23.
19
Suppose 0 = 38*r - 1041 + 129. What is the remainder when r is divided by 5?
4
Let h(u) = -u**3 + 6*u**2 + 2*u + 18. Calculate the remainder when 178 is divided by h(6).
28
Suppose 0 = -36*n + 596 + 268. What is the remainder when 104 is divided by n?
8
What is the remainder when 2/3 + (-7 - 1770/(-18)) is divided by 19?
16
Let n be (-2)/(-6) - (-418)/6. Suppose -41 = h + 5*d, -3*h = 2*d + 94 + 42. Let p = n + h. Calculate the remainder when 45 is divided by p.
21
Let f(r) = r**3 + 12*r**2 + 12*r + 12. What is the remainder when 33 is divided by f(-11)?
0
Suppose 0 = -10*j - 338 + 468. Let q be (-3)/(-2) + (-1)/2. Suppose -q = -x + 35. Calculate the remainder when x is divided by j.
10
Let o(c) be the second derivative of -c**3/2 - c**2/2 - 8*c. Let r be o(0). What is the remainder when 37 is divided by (-6 + -4)/(r/2)?
17
Let x be 108/(-8)*(-4)/6. Suppose x = -4*n - 23. Let h(a) = a**3 + 9*a**2 + 7*a + 4. What is the remainder when 34 is divided by h(n)?
10
Let g = 1203 - 1182. What is the remainder when 81 is divided by g?
18
Let t = 959 - 830. What is the remainder when t is divided by (13/4)/((-3)/(-24))?
25
Let u = -348 + 437. Calculate the remainder when u is divided by 23.
20
Calculate the remainder when ((-147)/(-6))/((-2)/(-4)) is divided by (-48)/(-3) + (-2 - -3).
15
What is the remainder when 778 is divided by 5 + 2 + -6 + 4 - -66?
68
Suppose 23*a + 256 = 39*a. What is the remainder when 77 is divided by a?
13
Suppose -92 = -o + 2*d + 131, -401 = -2*o - 5*d. What is the remainder when o is divided by 12?
9
Let u be (2/2)/(2/(-14)). Let v = -23 - -27. Let l = v - u. What is the remainder when 32 is divided by l?
10
What is the remainder when 326 is divided by (-126)/84*(-1 - 273/9)?
44
Suppose -2*f = -28 - 26. Let j = f - -15. What is the remainder when j is divided by 15?
12
Suppose 0 = -t - 5*t - 228. Let m = -33 - t. Calculate the remainder when 18 is divided by m.
3
Let k = 37 - 20. Let b = -53 + 58. What is the remainder when k is divided by b?
2
Let y(r) = 2*r**2 + 18*r - 127. Suppose -3*j + 3*f + 10 = 5*f, -2*j + 9 = -f. Suppose -3*m + j*m = 36. What is the remainder when m is divided by y(5)?
10
Let k = 5 - 9. Calculate the remainder when 1*4/5*15 is divided by (-24)/k - (-1)/1.
5
Suppose -4*a + 0*t = 5*t + 19, 0 = 3*t + 9. Let s = -4 - -13. Let h = a + s. Calculate the remainder when 30 is divided by h.
6
Let c = -6 + 30. Let l = 18 - c. What is the remainder when 17 is divided by ((-120)/(-32))/(l/(-16))?
7
Let x = -375 + 647. Suppose 4*c - x = -0*c. Calculate the remainder when c is divided by 18.
14
Let m(g) = -g**3 - 4*g**2 + 5*g + 5. Let j be -2*(27/6 + -2). Let q be m(j). Let i = 8 - q. Calculate the remainder when 3 is divided by i.
0
Let t = 128 - 124. Suppose t*k = -n + 53, 2*n - 7*n = -4*k + 47. Calculate the remainder when 101 is divided by k.
10
Let o = -48 + 54. Suppose 7*j + o*j = 559. Calculate the remainder when j is divided by 12.
7
Let l(m) be the second derivative of 5*m**3/6 - 2*m**2 - 8*m. Calculate the remainder when 2/(-4)*-4 + 29 is divided by l(4).
15
Let z(a) = a**3 + 8*a**2 + 11*a + 7. Let b be z(-6). Let j = b + 2. Calculate the remainder when 58 is divided by j.
13
Suppose -2*y - n - 28 = -3*y, 0 = -3*n + 12. Let x(o) = 11*o**2 + 145*o + 145. Calculate the remainder when y is divided by x(-1).
10
Let b(y) = y**3 + 9*y**2 + 7*y - 8. Let c be b(-8). Suppose c = -5*w + 2*l + 199, -2*w - 4*l = w - 109. Calculate the remainder when 76 is divided by w.
37
Suppose 8 + 0 = 4*r. Suppose -r*a = a - 27. Calculate the remainder when 40 is divided by a.
4
Let z(x) = x**3 + 7*x**2 + 3*x - 17. Suppose 2*a - 4*a = 12. Suppose -2*u - k = -3*k + 4, -u - 3*k = -10. Calculate the remainder when u is divided by z(a).
0
Suppose -2*p + 116 = -0*p. Let k(x) = -9*x - 30. What is the remainder when p is divided by k(-5)?
13
Let w be (-6)/24 + ((-226)/(-8) - 1). Suppose -4*q + 197 = -w. What is the remainder when q is divided by 20?
16
Let g(m) = -m**3 - 3*m - 6. Let b be g(-4). Suppose -4*q + b = -98. Suppose 5*c - q = -4*i, i = 4*i - c - 41. Calculate the remainder when 38 is divided by i.
12
Suppose 0*f = l - 4*f + 6, -12 = -3*l - 3*f. Suppose -n + l*n - 83 = 0. Let i(u) = 6*u**2 - 3*u + 3. Calculate the remainder when n is divided by i(2).
20
Let d = 155 + -112. Let o(c) = -c**3 - 8*c**2 + 4*c + 12. Let k be o(-9). Let t = k - 34. Calculate the remainder when d is divided by t.
20
Let u(r) = -192*r + 2136. Let l = 8 - 3. What is the remainder when u(11) is divided by l?
4
Let w(m)